600 is divided by 20.
0
Calculate the remainder when 101568 is divided by 169.
168
Calculate the remainder when 1061514 is divided by 13.
12
Calculate the remainder when 226981 is divided by 76.
45
What is the remainder when 20524 is divided by 260?
244
Calculate the remainder when 6159 is divided by 80.
79
What is the remainder when 13392 is divided by 4459?
15
What is the remainder when 1917 is divided by 111?
30
Calculate the remainder when 5190 is divided by 1711.
57
Calculate the remainder when 2494 is divided by 204.
46
Calculate the remainder when 2185812 is divided by 8.
4
Calculate the remainder when 1316 is divided by 35.
21
Calculate the remainder when 113562 is divided by 182.
176
What is the remainder when 173561 is divided by 1078?
3
Calculate the remainder when 506449 is divided by 149.
147
Calculate the remainder when 652 is divided by 12.
4
Calculate the remainder when 31375 is divided by 51.
10
Calculate the remainder when 17018 is divided by 37.
35
Calculate the remainder when 5248 is divided by 1294.
72
Calculate the remainder when 4054 is divided by 1059.
877
What is the remainder when 5885 is divided by 23?
20
Calculate the remainder when 22443 is divided by 396.
267
Calculate the remainder when 42769 is divided by 10685.
29
Calculate the remainder when 4632 is divided by 61.
57
Calculate the remainder when 4426 is divided by 38.
18
What is the remainder when 58808 is divided by 2097?
92
Calculate the remainder when 16753 is divided by 421.
334
What is the remainder when 957067 is divided by 514?
513
Calculate the remainder when 1940392 is divided by 90.
82
What is the remainder when 5121 is divided by 174?
75
What is the remainder when 45587 is divided by 235?
232
Calculate the remainder when 52938 is divided by 2643.
78
Calculate the remainder when 2086 is divided by 1795.
291
What is the remainder when 103229 is divided by 51611?
7
Calculate the remainder when 133904 is divided by 4.
0
What is the remainder when 863 is divided by 297?
269
Calculate the remainder when 417723 is divided by 207.
204
What is the remainder when 19652 is divided by 9810?
32
Calculate the remainder when 9066 is divided by 1090.
346
Calculate the remainder when 28806 is divided by 215.
211
Calculate the remainder when 32241 is divided by 5373.
3
Calculate the remainder when 209101 is divided by 40.
21
What is the remainder when 1127 is divided by 607?
520
Calculate the remainder when 478389 is divided by 97.
82
What is the remainder when 1009 is divided by 188?
69
What is the remainder when 4134 is divided by 3743?
391
Calculate the remainder when 2379 is divided by 130.
39
Calculate the remainder when 16690 is divided by 4166.
26
What is the remainder when 781739 is divided by 30?
29
What is the remainder when 42317 is divided by 38?
23
What is the remainder when 11655 is divided by 158?
121
What is the remainder when 24404 is divided by 8131?
11
What is the remainder when 13854 is divided by 227?
7
What is the remainder when 7582 is divided by 1010?
512
Calculate the remainder when 19088 is divided by 3794.
118
Calculate the remainder when 4450 is divided by 178.
0
What is the remainder when 35304 is divided by 8822?
16
What is the remainder when 2325 is divided by 4?
1
Calculate the remainder when 378 is divided by 128.
122
Calculate the remainder when 111551 is divided by 12.
11
What is the remainder when 68587 is divided by 13?
12
Calculate the remainder when 543 is divided by 102.
33
Calculate the remainder when 1709 is divided by 424.
13
Calculate the remainder when 160287 is divided by 26.
23
What is the remainder when 5598 is divided by 200?
198
What is the remainder when 37097 is divided by 640?
617
Calculate the remainder when 479165 is divided by 5773.
6
Calculate the remainder when 149948 is divided by 149937.
11
What is the remainder when 612177 is divided by 204056?
9
What is the remainder when 3122 is divided by 34?
28
Calculate the remainder when 3294 is divided by 7.
4
Calculate the remainder when 2898 is divided by 319.
27
Calculate the remainder when 5895 is divided by 81.
63
What is the remainder when 1580 is divided by 481?
137
Calculate the remainder when 30478 is divided by 435.
28
Calculate the remainder when 508 is divided by 80.
28
What is the remainder when 55386 is divided by 18?
0
What is the remainder when 2630 is divided by 107?
62
What is the remainder when 778326 is divided by 219?
0
Calculate the remainder when 1019 is divided by 176.
139
What is the remainder when 27105 is divided by 366?
21
What is the remainder when 13228 is divided by 13163?
65
Calculate the remainder when 3853141 is divided by 777.
775
What is the remainder when 22021 is divided by 18?
7
Calculate the remainder when 30049 is divided by 1358.
173
Calculate the remainder when 89445 is divided by 11178.
21
What is the remainder when 196454 is divided by 220?
214
Calculate the remainder when 467397 is divided by 492.
489
Calculate the remainder when 562007 is divided by 9.
2
What is the remainder when 25593 is divided by 25560?
33
What is the remainder when 31718 is divided by 302?
8
What is the remainder when 15432 is divided by 315?
312
Calculate the remainder when 16891 is divided by 40.
11
What is the remainder when 14651 is divided by 276?
23
Calculate the remainder when 48923 is divided by 108.
107
Calculate the remainder when 67285 is divided by 1226.
1081
Calculate the remainder when 27414 is divided by 15.
9
What is the remainder when 1115 is divided by 96?
59
What is the remainder when 4892 is divided by 117?
95
What is the remainder when 4819 is divided by 204?
127
What is the remainder when 5513 is divided by 6?
5
Calculate the remainder when 11362 is divided by 338.
208
What is the remainder when 3857867 is divided by 729?
728
Calculate the remainder when 7133 is divided by 2247.
392
Calculate the remainder when 41655 is divided by 490.
5
What is the remainder when 2837 is divided by 363?
296
What is the remainder when 1906063 is divided by 27?
25
Calculate the remainder when 8953 is divided by 417.
196
What is the remainder when 3583 is divided by 898?
889
What is the remainder when 32272 is divided by 99?
97
What is the remainder when 2772 is divided by 216?
180
What is the remainder when 485494 is divided by 33?
31
Calculate the remainder when 13070 is divided by 284.
6
What is the remainder when 1518 is divided by 197?
139
What is the remainder when 3721 is divided by 195?
16
What is the remainder when 96273 is divided by 163?
103
Calculate the remainder when 2383 is divided by 229.
93
Calculate the remainder when 2036 is divided by 59.
30
What is the remainder when 7995 is divided by 93?
90
What is the remainder when 10834 is divided by 9?
7
What is the remainder when 33742 is divided by 184?
70
What is the remainder when 170642 is divided by 23?
5
What is the remainder when 9288 is divided by 1324?
20
What is the remainder when 498448 is divided by 83?
33
Calculate the remainder when 36278 is divided by 2628.
2114
What is the remainder when 47340 is divided by 68?
12
Calculate the remainder when 34516 is divided by 6898.
26
What is the remainder when 1181324 is divided by 122?
120
What is the remainder when 202219 is divided by 1509?
13
Calculate the remainder when 118797 is divided by 176.
173
What is the remainder when 10579 is divided by 10445?
134
Calculate the remainder when 22049 is divided by 712.
689
Calculate the remainder when 19467 is divided by 6479.
30
Calculate the remainder when 2086264 is divided by 91.
89
What is the remainder when 2808 is divided by 201?
195
What is the remainder when 202308 is divided by 27?
24
Calculate the remainder when 3835 is divided by 49.
13
What is the remainder when 74831 is divided by 14949?
86
Calculate the remainder when 199681 is divided by 14.
13
What is the remainder when 1458985 is divided by 290?
285
What is the remainder when 20563 is divided by 7?
4
Calculate the remainder when 24404 is divided by 12201.
2
What is the remainder when 103430 is divided by 431?
421
Calculate the remainder when 1822 is divided by 1810.
12
Calculate the remainder when 3442 is divided by 275.
142
What is the remainder when 5208 is divided by 58?
46
What is the remainder when 24498 is di